pose 3*b - f = 2*b. Let q(v) = -v**3 + 2*v**2 + 2*v - 2. Give q(b).
2
Suppose -21*x = -17*x. Suppose -3*s + 6*s + 9 = x. Let j(b) = -b**3 - b**2 - b - 4. Let c(f) = -f**3 - 4. Let a(n) = -4*c(n) + 5*j(n). Calculate a(s).
-7
Suppose 11*q = -2*q + 20*q. Let v(w) = w**3 - 2. Give v(q).
-2
Let b(d) = -15*d**3 + d**2 + 2*d + 1. Let m = 16 + 2. Let s = m + -24. Let i(g) = -g**2 - 5*g + 5. Let a be i(s). What is b(a)?
15
Let h = 9 + -1. Let m = -6 + h. Let k(f) = 2 - 1 + 0 - m*f. What is k(-2)?
5
Let i be -3 + 4/2*2. Let s be ((-6)/i)/2 - -6. Let m(a) = -s*a**2 - 29 - 19 + 44 + 2*a - a**3. Calculate m(-3).
-10
Let u be 9/(-36) + 218/8. Let i be 25/9 - (-6)/u. Suppose 2*r + i = -r. Let g(t) = -5*t**3 - 2*t**2 - t. What is g(r)?
4
Let u(j) be the first derivative of 27*j**2/2 + j + 376. What is u(-1)?
-26
Let y(b) = b**2 + 7*b + 4. Let p(r) = -r**3 - 19*r**2 - 21*r - 15. Let m be p(-18). Suppose -4*w - m = 2*q - 9, -3*w = -3*q. Give y(w).
-6
Let z(d) = -d**2 - 2*d + 7. Let q = 517 + -522. Determine z(q).
-8
Suppose -2*i = -3*i. Suppose -3*z + 26 = -i*z - 5*k, 0 = -4*z + 4*k + 40. Let f(o) = o - 14. Let m be f(z). Let c(p) = -4*p. Calculate c(m).
8
Let w = -1152 + 1145. Let n(s) = -10*s + 1. Let m(l) = -29*l + 2. Let x(u) = -6*m(u) + 17*n(u). Give x(w).
-23
Suppose 0 = -5*z + 45 - 0. Let g(s) = -2*s - 6. Calculate g(z).
-24
Let q = -1 + -2. Let d(u) = 3*u + 8 - 3 - 3. Calculate d(q).
-7
Let n(i) be the second derivative of i**7/2520 - i**6/720 - i**5/60 - i**4/3 + 5*i. Let b(t) be the third derivative of n(t). Calculate b(-2).
4
Let o = -14 - -29. Suppose 2*p - o = -5. Let r(n) be the third derivative of -n**4/8 + 7*n**3/6 + 3*n**2. What is r(p)?
-8
Let o(c) = c**3 - 6*c**2 - 2*c + 1. Let w(q) = q**2 + 33*q - 184. Let t be w(-38). What is o(t)?
-11
Let m(x) = -x**3 + 2*x**2 + 5. Let o(a) = -2*a**3 + a**2 + 2*a + 4. Let d(t) = 3*m(t) - 2*o(t). What is d(-5)?
2
Let w(l) = -156*l**3 + 48*l**3 - 3*l + 7 + 4*l**2 + 54*l**3 + 53*l**3. Determine w(5).
-33
Let i(x) = 13*x**2 - 66 + 14*x - x**3 - 72 + 140 + x**2. What is i(15)?
-13
Let t(w) = -6*w - 3. Suppose 21*n = 2*o + 25*n - 32, o - 5*n + 19 = 0. Give t(o).
-39
Suppose a = -3*a + 16, 12 = 2*g + 2*a. Suppose 5*t = -4*q + 30, t - 2*q = -4*t. Let f(o) = -2*o - o**3 + 3*o**2 + t + 0 - 2*o. Give f(g).
-2
Let x(c) be the third derivative of -c**7/2520 - c**6/180 - c**5/60 + c**4/6 - 7*c**2. Let p(d) be the second derivative of x(d). What is p(-5)?
-7
Let u(q) = -6*q**3 + q + 1. Let i be (-8)/6*(-99)/22. Suppose 5*g + 10 = 4*o, o - i*o = -5*g - 15. Let z(r) = r**2 - 3*r + 1. Let t be z(g). Give u(t).
6
Let s be (-4)/(-3)*1*(-33)/(-22). Let w(l) = -2*l + s*l + 13*l + 1 - 2*l. What is w(-1)?
-10
Let u(i) be the second derivative of -i**5/20 - i**4/12 + i**3/6 + 17*i**2 + 194*i. Calculate u(0).
34
Let u(y) = 13*y**2 + 4*y**3 + 3 + 17*y**2 - 3*y**3 - 22*y**2 - 2. Determine u(-8).
1
Let t(s) = 2*s + 1. Suppose 19*u = -3*u - 176. Give t(u).
-15
Let y(p) = p**2 + p - 6. Suppose 6 + 43 = 7*r. Suppose -r*f = -10*f. Calculate y(f).
-6
Let h(x) be the second derivative of x**4/12 + 5*x**3/6 - 5*x**2/2 - 2*x. Let m = -782 - -776. Give h(m).
1
Let z(u) = -28*u - 45. Let h(g) = 9*g + 13. Let s(o) = 7*h(o) + 2*z(o). Let d be (2/6)/(2/6). Calculate s(d).
8
Let j = -91 + 94. Suppose n = z - 3, -2*z - 3 = -j*n - 15. Let a(c) = c**2 + 9*c + 2. Calculate a(n).
-16
Let b = -20 + 36. Let k(v) = -16*v. Let f be k(1). Let s = f + b. Let l(i) = i**3 + 3. What is l(s)?
3
Suppose -2*x = -3*c + 2 + 8, 0 = 5*x + c - 9. Let b(k) = -10*k - 2. Let n(g) = -8*g - 1. Let i(z) = -2*b(z) + 3*n(z). Determine i(x).
-3
Suppose 2*q = 5*k + 69, -3*q = -4*q + 2. Let h(z) = z**2 + 13*z - 7. Determine h(k).
-7
Let d(c) = -c - 5 - 2*c - 5*c + 2*c. Let p be d(0). Let a(g) = -g - 6. Give a(p).
-1
Let o(j) = -2*j - 3. Let k(n) = -9*n - 13. Let t(w) = 6*k(w) - 26*o(w). What is t(5)?
-10
Let l = -184 + 180. Let z(a) = a**2 - a + 2. What is z(l)?
22
Let r(w) = -w**3 - 7*w**2 + 14*w - 11. Let x(v) = 2*v**3 + 13*v**2 - 30*v + 22. Let a(i) = 5*r(i) + 2*x(i). Calculate a(-10).
-11
Let n be (1 + 0)/((-3)/(-6)). Suppose -4 = n*a + 6. Let z(b) = 3*b - 3*b - 3*b - 7. What is z(a)?
8
Let p(u) = u**2 - 11*u + 2. Suppose -54 - 1 = -5*f. Calculate p(f).
2
Let t(k) be the third derivative of 13*k**6/360 - k**5/60 - k**4/24 - k**3 + 15*k**2. Let m(h) be the first derivative of t(h). What is m(-1)?
14
Let x(o) = -o - 2. Suppose -4*w = -17*w. Determine x(w).
-2
Let y(s) be the first derivative of -s**4/4 - 5*s**3/3 + 3*s**2 + 7*s - 4. Calculate y(-5).
-23
Let p(w) = -w + 3. Let u(r) = -2. Let v(o) = 4*p(o) + 6*u(o). Suppose 0 = -0*s + s - 5. Suppose s*d = 5*f + 5 + 5, -5*f = 0. What is v(d)?
-8
Let a(x) = 111*x - 4. Let l be a(1). Let t = -105 + l. Let d(k) = k**3 - 2*k**2 + 1. Give d(t).
1
Let z(b) = b + 1521 + 0*b - 1507. What is z(-8)?
6
Let t(a) be the third derivative of a**6/120 + 7*a**5/60 - 5*a**4/24 - 2*a**3/3 - a**2. Let p(u) = -u**3 - 8*u**2 - 3*u + 21. Let z be p(-7). What is t(z)?
31
Let z(f) = -f**2 - 3*f. Let m(o) = -o**2 + 3*o + 1. Let t be m(2). Suppose -t*p = -4*q - p - 4, 0 = -q + 5*p + 17. Calculate z(q).
0
Let z(n) = -3*n - 11. Let w(a) = -a - 4. Let r(c) = -c**3 - 4*c**2 + 9*c + 5. Let x be r(-6). Let j = -40 + x. Let t(d) = j*w(d) + 6*z(d). Give t(6).
-4
Suppose -227*u - 224 = -255*u. Let f(a) = a**3 - 7*a**2 - 8*a - 6. Give f(u).
-6
Let z = 35 - 25. Let y(b) = 2*b + 3 - z + 6 + 4. Suppose -2 = -3*c - 14. Determine y(c).
-5
Let p(r) = -r**3 - 4*r**2 + 7*r - 1. Let l be ((-12)/4)/(((-6)/16)/1). Suppose -l*i - 9 = 31. Determine p(i).
-11
Let j = -200 + 196. Let o(l) = l**3 + 3*l**2 - 4*l + 5. What is o(j)?
5
Suppose 0 = 8*a - 7*a - 7. Suppose 7 = 6*y + a. Let t(o) = o**2 + o - 14. Determine t(y).
-14
Let l be (-8)/(-6)*(-8 + 11). Let v(b) = -2 + 2*b + 7 - l. Determine v(-1).
-1
Let u(w) = -7*w**2 + 5*w + 5. Let l(o) = -4*o**2 + 2*o + 3. Let i(g) = 5*l(g) - 3*u(g). Suppose j = 2*j - 1. Let h = 4 + j. Determine i(h).
0
Let u(x) = -11*x**2 - 17*x - 5. Let d(v) = -5*v**2 - 8*v - 2. Let w(p) = -9*d(p) + 4*u(p). What is w(-4)?
-2
Let s be -4*(-2 + (-5)/((-20)/6)). Let d(k) = -12*k + 1 - 3 - k**s + 8*k + 6*k. Calculate d(5).
-17
Let i(o) = 4*o - 20. Let d(t) = -6*t + 31. Let p(q) = -5*d(q) - 8*i(q). Determine p(3).
-1
Let q(u) = 10*u**2 - 47*u - 10. Let t be q(5). Let h(j) be the first derivative of -j**2/2 + 7*j - 2. Calculate h(t).
2
Let w(u) be the first derivative of -u**5/60 - u**4/12 - 2*u**3/3 - 1. Let k(t) be the third derivative of w(t). Let v be 4/38 - 679/133. Give k(v).
8
Let d(m) = -m**2 - m + 2. Let u(p) = -4*p - 13. Let l be u(-4). Let r = 10 + l. Suppose -2*t - z = 7, 0*t - r = -t + 5*z. What is d(t)?
0
Let o(b) = b + 0*b**2 + 2*b - b**2. Suppose 12*r - 14*r = -18. Suppose 2*q - r*q + 28 = 0. Calculate o(q).
-4
Let v be 506/77 - (-4)/(-7). Let k(o) = 8*o + 3. Let x(i) = i + 1. Let u(b) = k(b) - 6*x(b). Determine u(v).
9
Let q(y) = y + 1. Let g be (-3)/(9/(-66)*2). Give q(g).
12
Suppose 0 = -8*i - 5*i + 156. Suppose -k - k = 0. Suppose 0*z - 13 = 3*z + 2*l, -2*z - 3*l - i = k. Let m(s) = -s**3 - 4*s**2 - 4*s - 2. Determine m(z).
1
Suppose 10*r = -0 + 20. Let g(o) = 1 - 4*o**2 + 9*o**2 + 3*o - 7*o**r. Let f be 0 + -3 + (2 - 1). What is g(f)?
-13
Let u(r) = -2*r**2 + 10*r - 3. Suppose 7*g = -2*g + 36. Give u(g).
5
Let i(b) be the second derivative of b**5/20 + b**4/6 + b**3/3 + 44*b - 5. Determine i(-2).
-4
Suppose b - 41 = -8. Suppose 0 = 10*c + c + b. Let v(y) = -3*y - 4. Give v(c).
5
Let c(y) = -y + 3. Let t(f) = f - 4. Suppose 37*a - 39*a - 2 = 0. Let u be t(a). Give c(u).
8
Let x(f) = 21*f + 1. Let n be x(-1). Let s be ((-3)/(-4))/(5/n). Let b(p) be the first derivative of -p**2/2 - 3*p + 17. Calculate b(s).
0
Suppose -40*a + 3 = -39*a. Let h(x) = 6*x + 1. Determine h(a).
19
Let b = -41 + 71. Suppose 2*s + 3*s = b. Let z(g) = 2 + s + 3*g + 1 - 4*g. Calculate z(0).
9
Let q(f) = f**2 + 7*f + 8. Let g(k) = k**2 + 14*k + 40. Let r be g(-11). Let j(o) = 3*o - 27. Let l be j(r). Calculate q(l).
2
Let w(y) = 2*y + 1. Suppose 6*k = 2*k + 20. Suppose 19 = -c - 0*c + 4*p, c - 5*p + 23 = 0. Let u = k + c. Calculate w(u).
5
Let p(h) = -h - 10. Let x(u) = u - 43. Let b be x(37). What is p(b)?
-4
Let j(x) = 2349 - 1176 + x - 1180. What is j(-10)?
-17
Let p(y